 of g?
1
Let g be (-79 - 3 - -5) + -5. Let w = g + 74. What is the units digit of w/(-24)*3*127?
7
Let k(p) = 4*p**3 + 7*p**2 + 10*p - 135. What is the hundreds digit of k(18)?
6
Suppose -n + 4927 + 1526 = l, -2*n - 12910 = -2*l. What is the tens digit of l?
5
Suppose -54*z + 5*f = -55*z + 43998, 5*f - 88001 = -2*z. What is the hundreds digit of z?
0
Let l be (-2117)/(-7) + (72/56)/(-3). Let h = l - 174. Suppose -7*m = -3*m - h. What is the tens digit of m?
3
Suppose 68*i = 63*i + 30. Suppose -i*h - 16 = -10*h. Suppose v + h*y = 86, y = 2*v - 102 - 61. What is the units digit of v?
2
Let x = 4089 - 271. What is the hundreds digit of x?
8
Let g = -118 + 161. Let x = g - 7. What is the tens digit of x?
3
Suppose 2*r + 29 = 3*f, 3*r + 1 - 51 = -4*f. Suppose f*n - 339 - 189 = 0. What is the tens digit of n?
4
Let q(r) = r**3 - 9*r**2 - 6*r - 40. Suppose 2*u - 28 = -2*d, 30 = -6*d + 9*d - 3*u. What is the tens digit of q(d)?
2
Suppose -a = 3*u - 48586, -6*a + 3*u = -129240 - 162213. What is the ten thousands digit of a?
4
Suppose -28*t + 2630040 = 2*t + 32*t. What is the hundreds digit of t?
4
Suppose -17*b = -21*b - 752. Let z = b - -779. What is the hundreds digit of z?
5
Let v = -10715 - -19819. What is the hundreds digit of v?
1
Let w be ((-1 - 1) + 1936)*(-1)/2. Let t = -569 - w. What is the hundreds digit of t?
3
Let g(t) = t**3 + 31*t**2 - 306*t - 35. What is the hundreds digit of g(-24)?
3
Suppose 5*a - 4*z + 334 = 0, 3*a = -5*z - 0*z - 193. Let k = -63 - a. What is the tens digit of -6 + k - ((-114)/3 - 0)?
3
Let w be (25/15 + -2)*0. Suppose w = -52*k + 51*k + 539. What is the tens digit of k?
3
What is the hundreds digit of 5 + ((-56656)/8)/((-8)/4)?
5
Let h(d) = 123*d**2 + 41*d + 201. Let k(j) = -41*j**2 - 14*j - 68. Let m(w) = 3*h(w) + 8*k(w). What is the tens digit of m(-4)?
7
Let a be 1*(1 + -1) + (-176)/(-44). What is the thousands digit of 1 - -1596 - 2 - a?
1
Let f be 32/8 + 5 + -1. Suppose 6*x + 4*r + 532 = f*x, -3*r = -x + 269. What is the hundreds digit of x?
2
What is the units digit of 25335 + (-17 - -16) - -11?
5
What is the tens digit of (-8)/76 + (-960344)/(-76)?
3
Let t(x) = 501*x + 13901. What is the thousands digit of t(93)?
0
Suppose 16*x - 300630 = -31*x - 8*x. What is the units digit of x?
6
Suppose -73*n - 33*n + 489720 = 0. What is the thousands digit of n?
4
Suppose -3*n = 4*t - 504, 2*n + 484 = 4*t - 0*t. Let i = t - 233. Let f = i - -135. What is the tens digit of f?
2
Let b(u) = -2*u**3 + 150*u**2 + 317*u + 67. What is the hundreds digit of b(74)?
4
Suppose -a - 13*s + 1804 = -15*s, a - 3*s = 1799. What is the thousands digit of a?
1
Suppose -34*u + 74497 - 27645 = 0. Let o = -536 + u. What is the units digit of o?
2
Let z = 7034 - 1928. What is the hundreds digit of z?
1
Suppose -89*m + 160125 = -16*m - 165236. What is the tens digit of m?
5
Let o be (-172)/(-129)*30/8. Suppose 0 = q - o*d - 71 - 57, 2*q - 262 = 7*d. What is the units digit of q?
8
Let p be (1 - (-7)/(-5))/((-2)/10). Suppose p*z - 155 = -3*z. Suppose s - z = 48. What is the tens digit of s?
7
Suppose 35613 = 6*a - 79154 + 18095. What is the hundreds digit of a?
1
Suppose b + 4*b = 25, 0 = -5*k - 2*b + 735. Suppose -k*t + 138*t + 3360 = 0. What is the units digit of t?
0
Let q be 1/(-2)*(18 - 16). Let d be 8/6*q/(3/9). Let t(w) = -9*w - 10. What is the units digit of t(d)?
6
Let k(j) = j**2 + 24*j - 47. Let b be k(-25). Let w = b - -1155. What is the hundreds digit of w?
1
Let x(t) = -15*t**2 + 1395*t - 202. What is the units digit of x(92)?
8
Suppose 6*i = 520 - 658. Let y(a) = 4*a - 8. Let k be y(7). What is the units digit of i*8/k*-10?
2
Let m(b) = 5*b + b + 13 - 7*b. Let h(k) = -k + 14. Let d(q) = -3*h(q) + 4*m(q). What is the units digit of d(2)?
8
Suppose u + 4*o - 39 = 0, 138 = 9*u - 4*u + o. Suppose 17 + u = 11*i. Let s(v) = 26*v + 5. What is the units digit of s(i)?
9
Let h = 3078 + -1876. Suppose o = -k + 466 + 746, 0 = -k + 4*o + h. Suppose -7*f + k = -2*f. What is the tens digit of f?
4
Let b = 2575 + -1107. What is the tens digit of b?
6
Suppose 21 = 2*i - 3*o, -i + o = -9 + 1. Let h be 34*4 + (i - 1). Let d = h - 80. What is the units digit of d?
8
Suppose -6*b + 679 = -239. Let k(l) = -7*l - 8. Let w be k(11). Let u = w + b. What is the tens digit of u?
6
Let q = -4152 + 10678. What is the thousands digit of q?
6
What is the thousands digit of 1425/6*(18887/(-220))/(-17)*24?
8
Let k be (-845)/39 + (-1)/3. Let l = 52 + k. What is the hundreds digit of (102/5)/(4/l)?
1
Let p(i) = -i**3 - 122*i - 121*i + 241*i + 1 + 6*i**2. Let y be p(3). Suppose -2*c + y = -0*v + 4*v, 0 = c - 4*v + 13. What is the units digit of c?
3
Let c = -40439 - -57847. What is the tens digit of c?
0
Let r(p) = 54*p + 557. What is the hundreds digit of r(23)?
7
Suppose 0 = t - 5*k - 540 + 90, -2*k + 8 = 0. Let z = t - 254. Suppose -6*g + 54 = -z. What is the tens digit of g?
4
Let n = -184 - -408. Let q = n + 328. What is the hundreds digit of q?
5
Suppose 5*a = -4*u - 13 + 204, 5*u - 3*a = 285. Let h = u - 50. Suppose -h*v = v - 110. What is the tens digit of v?
2
Suppose -20*m - 3*m - 441*m + 21350032 = 0. What is the hundreds digit of m?
0
Let a(y) = -43*y - 134. Let i be a(0). What is the units digit of (-6110)/(-18) + i/18 + 7?
9
Let l = -1111 + 2017. Suppose 6*z + l = -762. Let q = z + 415. What is the units digit of q?
7
Let x(h) = -5277*h + 2015. What is the units digit of x(-3)?
6
Let t(m) = -24*m + 310. Let o be t(13). Let v = 139 - o. What is the units digit of v?
1
Let q = -355 - -128. Let v = q - -234. What is the units digit of v?
7
Let o(k) be the first derivative of -k**3/3 + 9*k**2/2 - 22*k - 11. Let i be o(6). What is the hundreds digit of 6 + 2085/10 - 2/i?
2
Suppose u - 355*c = -358*c + 10200, -5*u = -c - 51016. What is the hundreds digit of u?
2
What is the tens digit of (-39)/(-52)*61577 + (-7)/(-28)?
8
Let s(v) = 25*v**3 + 9*v - 18. Let t be s(2). Let j = t + 476. What is the hundreds digit of j?
6
Let w = 46 - 36. Let y be -1 - (-6)/w - (-423)/45. Let q = y - -57. What is the tens digit of q?
6
Let n(t) = t**3 - 3*t**2 - 108*t + 12. Let i be n(-9). What is the tens digit of (4 - 33/i)*(-176)/(-2)?
1
Let h = -610 + 615. Suppose -2*r + 4*d + 250 = -972, -h*d = 2*r - 1240. What is the tens digit of r?
1
Let z(u) = -u**3 - 46*u**2 - 283*u + 92. What is the tens digit of z(-39)?
8
Let d(a) = 4*a**2 + 3*a. Let k(s) = -s**2 - 5*s - 1. Suppose 0 = 12*z - 4*z + 32. Let p be k(z). What is the tens digit of d(p)?
4
Let b(r) = 271*r - 312. Let q(c) = 181*c - 208. Let z(m) = -5*b(m) + 8*q(m). What is the hundreds digit of z(6)?
4
Suppose -87*b - 5*r + 43178 = -85*b, 2*b - 3*r = 43146. What is the thousands digit of b?
1
Suppose -12*b + 37440 = 4*v - 0*b, -9390 = -v + 3*b. What is the hundreds digit of v?
3
Let j(c) = 8*c**2 + 71*c + 134. Let f be j(-6). Let a = 617 + -281. What is the tens digit of f - (-4 + a/(-2))?
6
Suppose 718 = 4*m + 2*q - 4*q, 0 = 2*q - 2. Suppose -f - 4*f - m = 0. What is the units digit of f/(-4)*(-8)/(-9)*6?
8
Suppose 0 = -3*d - 5*o + 1388, 3*o = -d + 2*d - 472. Let m = d - -38. What is the units digit of m?
4
Suppose 117*x - 114*x = 2916. Suppose -88*h + x = 3*s - 85*h, 5*s - 1608 = h. What is the hundreds digit of s?
3
Let l be (-4 - (-16)/3)*(-18)/(-4). Let o be l/21 + (-1375)/35. Let m = 55 + o. What is the tens digit of m?
1
Let m(g) = -200*g - 186. Let p be m(9). Let n = -766 - p. What is the units digit of n?
0
Suppose -1205 = 5*s - 3*d, -2*d = 2*s - 233 + 699. Let f = s - -342. Suppose -2*u + 198 - f = 0. What is the units digit of u?
7
Suppose -4*l - 4270 = 3*m, -3*m - 209 - 854 = l. Let p = -546 - l. What is the tens digit of p?
2
What is the thousands digit of (910/12*(-14)/35)/((-3)/1854)?
8
Suppose 0 = -4*t + 1 + 171. Suppose 2*d - 1017 - t = -2*p, p - 534 = -3*d. What is the tens digit of p?
2
Let h(m) = 2*m**3 - 6*m**2 - 77*m + 250. What is the thousands digit of h(28)?
7
Suppose 3*x - 5*l = -2*x + 80, -28 = -x + 5*l. Let i(m) = -m**3 + 14*m**2 - 16*m - 4. Let g be i(x). Let v = 39 - g. What is the tens digit of v?
8
Let h(o) = -2*o**3 + 16*o**2 + 11*o + 14. What is the units digit of h(-21)?
1
Let x(z) = -227*z - 8. Let q(k) = 57*k + 2. Let l(a) = -18*q(a) - 4*x(a). Let o be 10/80*(-10 - -2). What is th